{"id":51,"date":"2021-09-20T15:50:21","date_gmt":"2021-09-20T15:50:21","guid":{"rendered":"https:\/\/guerracivilmalaga.com\/?page_id=51"},"modified":"2023-11-30T19:09:08","modified_gmt":"2023-11-30T19:09:08","slug":"guia-educativa","status":"publish","type":"page","link":"https:\/\/guerracivilmalaga.com\/index.php\/guia-educativa\/","title":{"rendered":"Gu\u00eda Educativa"},"content":{"rendered":"<iframe id=\"s_pdf_frame\" src=\"\/\/docs.google.com\/gview?embedded=true&url=https:\/\/guerracivilmalaga.com\/wp-content\/uploads\/2021\/09\/Guia-Educativa-Guerra-Civil.pdf\" style=\"width: 100%; height:600px;\" frameborder=\"0\"><\/iframe>\n<p><strong>PROYECTO GUERRA CIVIL Y FRANQUISMO&nbsp; IES CAMPANILLAS<\/strong><\/p>\n<p data-pm-slice=\"1 1 []\">El objeto de este trabajo ha sido tratar situaci\u00f3n guerra civil y franquismo desde las diferentes materias existentes en el curso de segundo de bachillerato. Profesorado de diferentes materias ha trabajado aspectos varios sobre la guerra civil y el franquismo.&nbsp;<\/p>\n<p data-pm-slice=\"1 1 []\">De esta forma, se consigue una educaci\u00f3n m\u00e1s completa y compleja sobre la dictadura franquista. Una educaci\u00f3n transversal que acerca al alumnado a tener conciencia sobre los valores democr\u00e1ticos actuales.&nbsp;<\/p>\n<p>https:\/\/padlet.com\/jmarost455\/guerra-civil-y-franquismo-educaci-n-transversal-eek26fkjmp8o6s3a<\/p>\n<p><strong>VISITA ALUMNADO BACHILLERATO<\/strong><\/p>\n<p>Visita realizada con alumnado de 2 bachillerato del IES Campanillas y en colaboraci\u00f3n con Onda Color.&nbsp;<\/p>\n<p><iframe loading=\"lazy\" title=\"Ruta por los lugares de la Guerra Civil en M\u00e1laga\" width=\"580\" height=\"326\" src=\"https:\/\/www.youtube.com\/embed\/hN2s8ediTUg?feature=oembed\" frameborder=\"0\" allow=\"accelerometer; autoplay; clipboard-write; encrypted-media; gyroscope; picture-in-picture; web-share\" allowfullscreen><\/iframe><\/p>\n","protected":false},"excerpt":{"rendered":"<p>PROYECTO GUERRA CIVIL Y FRANQUISMO&nbsp; IES CAMPANILLAS El objeto de este trabajo ha sido tratar situaci\u00f3n guerra civil y franquismo desde las diferentes materias existentes en el curso de segundo de bachillerato. Profesorado de diferentes materias ha trabajado aspectos varios sobre la guerra civil y el franquismo.&nbsp; De esta forma, se consigue una educaci\u00f3n m\u00e1s [&hellip;]<\/p>\n","protected":false},"author":1,"featured_media":0,"parent":0,"menu_order":0,"comment_status":"closed","ping_status":"closed","template":"","meta":{"ngg_post_thumbnail":0},"_links":{"self":[{"href":"https:\/\/guerracivilmalaga.com\/index.php\/wp-json\/wp\/v2\/pages\/51"}],"collection":[{"href":"https:\/\/guerracivilmalaga.com\/index.php\/wp-json\/wp\/v2\/pages"}],"about":[{"href":"https:\/\/guerracivilmalaga.com\/index.php\/wp-json\/wp\/v2\/types\/page"}],"author":[{"embeddable":true,"href":"https:\/\/guerracivilmalaga.com\/index.php\/wp-json\/wp\/v2\/users\/1"}],"replies":[{"embeddable":true,"href":"https:\/\/guerracivilmalaga.com\/index.php\/wp-json\/wp\/v2\/comments?post=51"}],"version-history":[{"count":10,"href":"https:\/\/guerracivilmalaga.com\/index.php\/wp-json\/wp\/v2\/pages\/51\/revisions"}],"predecessor-version":[{"id":1058,"href":"https:\/\/guerracivilmalaga.com\/index.php\/wp-json\/wp\/v2\/pages\/51\/revisions\/1058"}],"wp:attachment":[{"href":"https:\/\/guerracivilmalaga.com\/index.php\/wp-json\/wp\/v2\/media?parent=51"}],"curies":[{"name":"wp","href":"https:\/\/api.w.org\/{rel}","templated":true}]}}