{"id":46,"date":"2021-09-20T15:42:15","date_gmt":"2021-09-20T15:42:15","guid":{"rendered":"https:\/\/guerracivilmalaga.com\/?page_id=46"},"modified":"2022-08-29T12:18:59","modified_gmt":"2022-08-29T12:18:59","slug":"bibliografia","status":"publish","type":"page","link":"https:\/\/guerracivilmalaga.com\/index.php\/bibliografia\/","title":{"rendered":"Bibliograf\u00eda"},"content":{"rendered":"<p><img loading=\"lazy\" class=\"alignnone wp-image-242 size-full\" src=\"https:\/\/guerracivilmalaga.com\/wp-content\/uploads\/2021\/09\/libros-guerra-civil.jpg\" alt=\"\" width=\"483\" height=\"474\" srcset=\"https:\/\/guerracivilmalaga.com\/wp-content\/uploads\/2021\/09\/libros-guerra-civil.jpg 483w, https:\/\/guerracivilmalaga.com\/wp-content\/uploads\/2021\/09\/libros-guerra-civil-300x294.jpg 300w\" sizes=\"(max-width: 483px) 100vw, 483px\" \/><\/p>\n<p>Ha sido mucho lo que se ha escrito sobre M\u00e1laga durante la guerra civil. Desde los primeros estudios de Antonio Nadal a los que siguieron los de Luc\u00eda Prieto, Encarnaci\u00f3n Barranquero y, con posterioridad, Fernando Arcas o Cristian Torreblanca. Sin olvidar los trabajos sobre II Rep\u00fablica de Manuel Morales y Jos\u00e9 Velasco G\u00f3mez. Todos ellos dentro del mundo de la Universidad de M\u00e1laga.<\/p>\n<p>Tambi\u00e9n tenemos que citar como trabajos claves los de Ramos Hitos, El\u00edas de Mateo, Matilde Eiroa, Andr\u00e9s Fern\u00e1ndez&#8230; Claves resultaron tambi\u00e9n las aportaciones de extranjeros que vivieron la guerra civil en M\u00e1laga y cuyos textos han sido interpretados y traducidos por diferentes profesores y escritores. A todos ellos unir los trabajos que se est\u00e1n realizando en la actualidad y que ver\u00e1n la luz pr\u00f3ximamente.&nbsp;<\/p>\n<p>Todas estas fuentes est\u00e1n en los diferentes v\u00eddeos de este proyecto y, en la mayor\u00eda de los casos, son estos mismos autores los que cuentan sus trabajos. Y el resultado son m\u00e1s de 50 trabajos que sirven para dar luz a estos 93 v\u00eddeos sobre la guerra civil en nuestra ciudad. La suma de todos estos trabajos nos da una visi\u00f3n m\u00e1s compleja y completa de la guerra civil en nuestra ciudad.&nbsp;<\/p>\n<p><iframe loading=\"lazy\" title=\"CONCLUSI\u00d3N PROYECTO PASEANDO POR LA HISTORIA DE LA GUERRA CIVIL EN M\u00c1LAGA\" width=\"580\" height=\"326\" src=\"https:\/\/www.youtube.com\/embed\/ycXfLCyvS3w?feature=oembed\" frameborder=\"0\" allow=\"accelerometer; autoplay; clipboard-write; encrypted-media; gyroscope; picture-in-picture\" allowfullscreen><\/iframe><\/p>\n<p><strong>BIBLIOGRAF\u00cdA GUERRA CIVIL EN M\u00c1LAGA<\/strong><\/p>\n<p>LA LISTA DE SMERDOU. <strong>F\u00c9LIX \u00c1LVAREZ<\/strong><\/p>\n<p>AGUA DE VICHY, VINO DE M\u00c1LAGA. TESTIMONIO DE UN C\u00d3NSUL FRANC\u00c9S EN LA M\u00c1LAGA DE LOS A\u00d1OS CUARENTA.<strong> SIMON ARBELLOT.&nbsp;<\/strong><\/p>\n<p>YO ESTABA ALL\u00cd. UNA HISTORIA ORAL DE LA GUERRA CIVIL Y EL FRANQUISMO EN M\u00c1LAGA.<strong>FERNANDO ARCAS Y OTROS<\/strong><\/p>\n<p>MI CASA DE M\u00c1LAGA. <strong>ANDR\u00c9S ARENAS Y ENRIQUE GIR\u00d3N<\/strong><\/p>\n<p>M\u00c1LAGA. ENTRE LA GUERRA Y LA POSGUERRA. <strong>ENCARNACI\u00d3N BARRANQUERO<\/strong><\/p>\n<p>CAYETANO BOL\u00cdVAR. SU TRAYECTORIA POL\u00cdTICA. <strong>ENCARNACI\u00d3N BARRANQUERO<\/strong><\/p>\n<p>MUJER, C\u00c1RCEL, FRANQUISMO. LA PRISI\u00d3N&nbsp; PROVINCIAL DE M\u00c1LAGA (1937-1945). <strong>ENCARNACI\u00d3N BARRANQUERO, MATILDE EIROA Y PALOMA NAVARRO.&nbsp;<\/strong><\/p>\n<p>LA FAZ DE ESPA\u00d1A. <strong>GERALD BRENAN<\/strong><\/p>\n<p>LA PRIMERA EN EL PELIGRO DE LA LIBERTAD. <strong>LEONARDO CERVERA<\/strong><\/p>\n<p>&nbsp;ARCADIA EN LLAMAS. .REP\u00daBLICA Y GUERRA CIVIL EN M\u00c1LAGA.&nbsp;<strong>FRANCISCO CHICA Y OTROS<\/strong><\/p>\n<p>&nbsp;HAMBRE, RACIONAMIENTO, FALANGISMO. 1939-1942. <strong>MATILDE EIROA<\/strong><\/p>\n<p>&nbsp;LOS TRABAJOS EN SAN RAFAEL (M\u00c1LAGA). METODOLOG\u00cdA ARQUEOL\u00d3GICA Y FUENTES DOCUMENTALES.<strong>ANDR\u00c9S FERN\u00c1NDEZ<\/strong><\/p>\n<p>\u00c9XODO M\u00c1LAGA ALMER\u00cdA. NUEVAS FUENTES DE INVESTIGACI\u00d3N.<strong>ANDR\u00c9S FERN\u00c1NDEZ Y MARIBEL BRENES<\/strong><\/p>\n<p>ARTHUR KOESTLER. NUESTRO HOMBRE EN ESPA\u00d1A. <strong>JORGE FREIRE<\/strong><\/p>\n<p>OBJETIVO RONDA. <strong>GARC\u00cdA M\u00c1RQUEZ, JOS\u00c9 MAR\u00cdA; D\u00cdAZ AYALA FRANCISCO Y ZUGASTI VILLAR, RAQUEL.<\/strong><\/p>\n<p>ENTRE LOS HUNOS Y LOS HOTROS. TEATRO. <strong>ENRIQUE GIR\u00d3N<\/strong><\/p>\n<p>LOS CAMPOS DE CONCENTRACI\u00d3N DE FRANCO. <strong>CARLOS HERN\u00c1NDEZ<\/strong><\/p>\n<p>UN CORTIJO EN M\u00c1LAGA. <strong>MARJORIE GRICE-HUTCHINSON<\/strong><\/p>\n<p>PABLO PICASSO. <strong>RAFAEL INGLADA<\/strong><\/p>\n<p>LA DESTRUCCI\u00d3N DEL PATRIMONIO ECLESI\u00c1STICO EN LA GUERAR CIVIL EN M\u00c1LAGA: M\u00c1LAGA Y SU PROVINCIA. <strong>JOS\u00c9 JIM\u00c9NEZ GUERRERO<\/strong><\/p>\n<p>M\u00c1LAGA, 1937. <strong>ROGELIO L\u00d3PEZ CUENCA<\/strong><\/p>\n<p>EL \u00daLTIMO FRENTE:LA RESISTENCIA ARMADA ANTIFRANQUISTA EN ESPA\u00d1A, 1939-1952. <strong>JORGE MARCO<\/strong><\/p>\n<p>CARRETERA M\u00c1LAGA-ALMER\u00cdA (FEBRERO, 1937). <strong>JES\u00daS MAJADA<\/strong><\/p>\n<p>LAS FOTOGRAF\u00cdAS DE LA DESBAND\u00c1. <strong>JES\u00daS MAJADA<\/strong><\/p>\n<p>NORMAN BETHUNE. <strong>JES\u00daS MAJADA<\/strong><\/p>\n<p>LAS V\u00cdCTIMAS DEL FRENTE POPULAR EN M\u00c1LAGA. LA OTRA MEMORIA HIST\u00d3RICA.<strong> EL\u00cdAS DE MATEO<\/strong><\/p>\n<p>LA M\u00c1LAGA DE PREGUERRA. <strong>MANUEL MORALES<\/strong><\/p>\n<p>GUERRA CIVIL EN M\u00c1LAGA. <strong>ANTONIO NADAL<\/strong><\/p>\n<p>VIAJERO DE SOLEDADES. ESTUDIOS SOBRE JOS\u00c9 MAR\u00cdA HINOJOSA. <strong>JULIO NEIRA<\/strong><\/p>\n<p>TRANQUILLO BIANCHI. <strong>ANTONIO OLEA.&nbsp;<\/strong><\/p>\n<p>HAMBRE DE LIBERTAD. <strong>ISABEL OYARZ\u00c1BAL SMITH<\/strong><\/p>\n<p>RESCOLDOS DE LIBERTAD. <strong>ISABEL OYARZ\u00c1BAL SMITH<\/strong><\/p>\n<p>LA VIOLENCIA POL\u00cdTICA EN LA ZONA REPUBLICANA. REPRESI\u00d3N Y JUSTICIA POPULAR EN LA CIUDAD DE LA RETAGUARIDA, M\u00c1LAGA (JULIO DE 1936-FEBRERO DE 1937). <strong>LUC\u00cdA PRIETO Y ENCARNACI\u00d3N BARRANQUERO<\/strong><\/p>\n<p>POBLACI\u00d3N Y GUERRA CIVIL EN M\u00c1LAGA: CA\u00cdDA, \u00c9XODO Y REFUGIO. <strong>LUC\u00cdA PRIETO Y ENCARNACI\u00d3N BARRANQUERO<\/strong><\/p>\n<p>LA CAPILLA DE LOS CA\u00cdDOS DE LA CATEDRA DE M\u00c1LAGA O LA FRUSTRACI\u00d3N DE LA MEMORIA. <strong>SERGIO RAM\u00cdREZ<\/strong><\/p>\n<p>MEMORIA DE LA GUERRA. PROYECTO DIPUTACI\u00d3N DE M\u00c1LAGA. <strong>MIGUEL RAMOS Y JOS\u00c9 ANTONIO GARC\u00cdA<\/strong><\/p>\n<p>EL LUTO DE LOS GIGANTES.<strong> JONATAN SANTOS MORENO<\/strong><\/p>\n<p>LA GUERRILLA MALAGUE\u00d1A-GRANADINA DE POSGUERRA. <strong>JOS\u00c9 AURELIO ROMERO Y JOS\u00c9 MAR\u00cdA AZUAGA<\/strong><\/p>\n<p>LOS FUSILES DE LA SE\u00d1ORA CARRAR. TEATRO. <strong>SEBASTI\u00c1N SARMIENTO.&nbsp;<\/strong><\/p>\n<p>LA PAZ DE FRANCO, LA POSGUERRA EN M\u00c1LASGA DESDE LOS OSCUROS A\u00d1OS 40 A LOS GRISES A\u00d1OS 50. <strong>CRISTIAN CER\u00d3N TORREBLANCA<\/strong><\/p>\n<p>LAS VISITAS DE FRANCO Y CIANO EN 1939. M\u00c1LAGA ENTRE LA GUERRA CIVIL Y LA SEGUNDA GUERRA MUNDIAL. <strong>CRIST\u00d3BAL VILLALOBOS<\/strong><\/p>\n<p>CIUDADANO AZA\u00d1A. <strong>MIGUEL \u00c1NGEL VILLENA<\/strong><\/p>\n<p>VICTORIA KENT, UNA PASI\u00d3N REPUBLICANA. <strong>MIGUEL \u00c1NGEL VILLENA<\/strong><\/p>\n<p>LA&nbsp; CLASE OBRERA HACE HISTORIA. <strong>FRANCISCO ZUGASTI<\/strong><\/p>\n<p>EL OTRO REINO DE LA MUERTE. <strong>GAMEL WOOLSEY<\/strong><\/p>\n<p>&nbsp;<\/p>\n<p><strong>La lista de participantes&nbsp; en el proyecto est\u00e1 compuesta por:&nbsp;<\/strong><\/p>\n<p style=\"text-align: center;\">F\u00e9lix \u00c1lvarez<\/p>\n<p style=\"text-align: center;\">Andr\u00e9s Arenas<\/p>\n<p style=\"text-align: center;\">Encarnaci\u00f3n Barranquero<\/p>\n<p style=\"text-align: center;\">Fernando Bravo<\/p>\n<p style=\"text-align: center;\">Enrique Ben\u00edtez<\/p>\n<p style=\"text-align: center;\">Maribel Brenes<\/p>\n<p style=\"text-align: center;\">Jos\u00e9 Luis Cabello&nbsp;<\/p>\n<p style=\"text-align: center;\">Leonardo Cervera<\/p>\n<p style=\"text-align: center;\">Francisco Chica<\/p>\n<p style=\"text-align: center;\">Javier Delm\u00e1s<\/p>\n<p style=\"text-align: center;\">Matilde Eiroa<\/p>\n<p style=\"text-align: center;\">Andr\u00e9s Fern\u00e1ndez<\/p>\n<p style=\"text-align: center;\">Jorge Freire<\/p>\n<p style=\"text-align: center;\">Juan Fuentes<\/p>\n<p style=\"text-align: center;\">Jos\u00e9 Antonio Garc\u00eda<\/p>\n<p style=\"text-align: center;\">Enrique Gir\u00f3n<\/p>\n<p style=\"text-align: center;\">Carlos Hern\u00e1ndez<\/p>\n<p style=\"text-align: center;\">Rafael Inglada<\/p>\n<p style=\"text-align: center;\">Antonio Jim\u00e9nez<\/p>\n<p style=\"text-align: center;\">Jos\u00e9 Jim\u00e9nez Guerrero<\/p>\n<p style=\"text-align: center;\">Alexis Lavanant Jurado<\/p>\n<p style=\"text-align: center;\">Concha Llaquet<\/p>\n<p style=\"text-align: center;\">Jes\u00fas Majada<\/p>\n<p style=\"text-align: center;\">Jorge Marco&nbsp;<\/p>\n<p style=\"text-align: center;\">El\u00edas de Mateo<\/p>\n<p style=\"text-align: center;\">Manuel Morales<\/p>\n<p style=\"text-align: center;\">Antonio Nadal<\/p>\n<p style=\"text-align: center;\">Antonio Nadales<\/p>\n<p style=\"text-align: center;\">Julio Neira<\/p>\n<p style=\"text-align: center;\">Jos\u00e9 Manuel Navarro<\/p>\n<p style=\"text-align: center;\">Antonio Navas<\/p>\n<p style=\"text-align: center;\">Antonio Olea<\/p>\n<p style=\"text-align: center;\">Carlos Pranger<\/p>\n<p style=\"text-align: center;\">Luc\u00eda Prieto<\/p>\n<p style=\"text-align: center;\">Sergio Ram\u00edrez<\/p>\n<p style=\"text-align: center;\">Miguel Ramos&nbsp;<\/p>\n<p style=\"text-align: center;\">Santos Moreno<\/p>\n<p style=\"text-align: center;\"><strong>Jos\u00e9 Aurelio Romero<\/strong><\/p>\n<p style=\"text-align: center;\">Jos\u00e9 Ruiz<\/p>\n<p style=\"text-align: center;\">Sebasti\u00e1n Sarmiento<\/p>\n<p style=\"text-align: center;\">&nbsp;Miguel \u00c1ngel Sol\u00eds<\/p>\n<p style=\"text-align: center;\">Alfredo Taj\u00e1n<\/p>\n<p style=\"text-align: center;\">Miguel Tello<\/p>\n<p style=\"text-align: center;\">Cristian Torreblanca<\/p>\n<p style=\"text-align: center;\">Mariano Vergara<\/p>\n<p style=\"text-align: center;\">Crist\u00f3bal Villalobos<\/p>\n<p style=\"text-align: center;\">Miguel \u00c1ngel Villena<\/p>\n<p style=\"text-align: center;\">Francisco Zugasti<\/p>\n<p style=\"text-align: center;\">Raquel Zugasti<\/p>\n<p>&nbsp;<\/p>\n<p style=\"text-align: center;\">Tambi\u00e9n han colaborado en este proyecto:&nbsp;<\/p>\n<p style=\"text-align: center;\">Mar\u00eda Aranda<\/p>\n<p style=\"text-align: center;\">Mayra Alonso<\/p>\n<p style=\"text-align: center;\">Alicia Bello<\/p>\n<p style=\"text-align: center;\">Roc\u00edo Calvo<\/p>\n<p style=\"text-align: center;\">Jos\u00e9 Mar\u00eda Castillo&nbsp;<\/p>\n<p style=\"text-align: center;\">Salvador Jim\u00e9nez<\/p>\n<p style=\"text-align: center;\">Raquel Mart\u00ednez<\/p>\n<p style=\"text-align: center;\">Sinda Pino<\/p>\n<p style=\"text-align: center;\">Azahara Ramos<\/p>\n<p style=\"text-align: center;\">Sergio Ruiz<\/p>\n<p style=\"text-align: center;\">Ricardo Villa<\/p>\n<p>M\u00fasica:&nbsp;<\/p>\n<p>\u00abSi me quieres escribir\u00bb, tambi\u00e9n conocida como \u00abYa sabes mi paradero\u00bb y \u00abEl frente de Gandesa\u00bb, es una de las canciones de la Guerra Civil Espa\u00f1ola m\u00e1s famosas y conocidas, compuesta durante la Batalla del Ebro.<\/p>\n<p>&nbsp;<\/p>\n<p>&nbsp;<\/p>\n","protected":false},"excerpt":{"rendered":"<p>Ha sido mucho lo que se ha escrito sobre M\u00e1laga durante la guerra civil. Desde los primeros estudios de Antonio Nadal a los que siguieron los de Luc\u00eda Prieto, Encarnaci\u00f3n Barranquero y, con posterioridad, Fernando Arcas o Cristian Torreblanca. Sin olvidar los trabajos sobre II Rep\u00fablica de Manuel Morales y Jos\u00e9 Velasco G\u00f3mez. Todos ellos [&hellip;]<\/p>\n","protected":false},"author":1,"featured_media":0,"parent":0,"menu_order":0,"comment_status":"closed","ping_status":"closed","template":"","meta":{"ngg_post_thumbnail":0},"_links":{"self":[{"href":"https:\/\/guerracivilmalaga.com\/index.php\/wp-json\/wp\/v2\/pages\/46"}],"collection":[{"href":"https:\/\/guerracivilmalaga.com\/index.php\/wp-json\/wp\/v2\/pages"}],"about":[{"href":"https:\/\/guerracivilmalaga.com\/index.php\/wp-json\/wp\/v2\/types\/page"}],"author":[{"embeddable":true,"href":"https:\/\/guerracivilmalaga.com\/index.php\/wp-json\/wp\/v2\/users\/1"}],"replies":[{"embeddable":true,"href":"https:\/\/guerracivilmalaga.com\/index.php\/wp-json\/wp\/v2\/comments?post=46"}],"version-history":[{"count":14,"href":"https:\/\/guerracivilmalaga.com\/index.php\/wp-json\/wp\/v2\/pages\/46\/revisions"}],"predecessor-version":[{"id":1044,"href":"https:\/\/guerracivilmalaga.com\/index.php\/wp-json\/wp\/v2\/pages\/46\/revisions\/1044"}],"wp:attachment":[{"href":"https:\/\/guerracivilmalaga.com\/index.php\/wp-json\/wp\/v2\/media?parent=46"}],"curies":[{"name":"wp","href":"https:\/\/api.w.org\/{rel}","templated":true}]}}