{"id":1033,"date":"2021-10-24T12:07:02","date_gmt":"2021-10-24T12:07:02","guid":{"rendered":"https:\/\/guerracivilmalaga.com\/?page_id=1033"},"modified":"2023-11-30T18:53:09","modified_gmt":"2023-11-30T18:53:09","slug":"guerra-civil-hoy","status":"publish","type":"page","link":"https:\/\/guerracivilmalaga.com\/index.php\/guerra-civil-hoy\/","title":{"rendered":"GUERRA CIVIL HOY"},"content":{"rendered":"<p>Iremos viendo en este apartado diferentes trabajos que se realizan en M\u00e1laga sobre la guerra civil espa\u00f1ola.&nbsp;<\/p>\n<p><strong>LA DESBAND\u00c1.<\/strong><\/p>\n<p>Podcast realizado por Onda Color sobre la Desband\u00e1.&nbsp;<\/p>\n<blockquote class=\"wp-embedded-content\" data-secret=\"SGxJ162dxX\"><p><a href=\"https:\/\/ondacolor.org\/ladesbanda\/\">La desband\u00e1<\/a><\/p><\/blockquote>\n<p><iframe class=\"wp-embedded-content\" sandbox=\"allow-scripts\" security=\"restricted\" style=\"position: absolute; clip: rect(1px, 1px, 1px, 1px);\" title=\"&#8220;La desband\u00e1&#8221; &#8212; OndaColor\" src=\"https:\/\/ondacolor.org\/ladesbanda\/embed\/#?secret=SGxJ162dxX\" data-secret=\"SGxJ162dxX\" width=\"580\" height=\"327\" frameborder=\"0\" marginwidth=\"0\" marginheight=\"0\" scrolling=\"no\"><\/iframe><\/p>\n<p><strong>CALETA PALACE<\/strong><\/p>\n<p>El estallido de la Guerra Civil en M\u00e1laga es narrado en clave de falso documental, a trav\u00e9s de la voz de algunos de los personajes que coincidieron en la zona<\/p>\n<p><iframe loading=\"lazy\" title=\"Caleta Palace. Revoluci\u00f3n y tragedia en la Ciudad del Para\u00edso (trailer 1)\" width=\"580\" height=\"326\" src=\"https:\/\/www.youtube.com\/embed\/QXQa7p0xNVk?feature=oembed\" frameborder=\"0\" allow=\"accelerometer; autoplay; clipboard-write; encrypted-media; gyroscope; picture-in-picture; web-share\" allowfullscreen><\/iframe><\/p>\n<p>&nbsp;<\/p>\n<p><strong>ESCAPE ROOM SOBRE LA DESBAND\u00c1<\/strong><\/p>\n<p>El juego de rol \u00abLa Desband\u00e1 1937\u00bb se puede descargar gratis en&nbsp;https:\/\/yopablo.itch.io\/la-desbanda<\/p>\n<p><iframe loading=\"lazy\" title=\"Pablo L\u00f3pez (Almer\u00eda is different) (08\/02\/22)\" width=\"580\" height=\"326\" src=\"https:\/\/www.youtube.com\/embed\/kdZILGUvCP8?feature=oembed\" frameborder=\"0\" allow=\"accelerometer; autoplay; clipboard-write; encrypted-media; gyroscope; picture-in-picture; web-share\" allowfullscreen><\/iframe><\/p>\n<p><strong>PARA\u00cdSO EN LLAMAS. JOS\u00c9 ANTONIO HERGUETA<\/strong><\/p>\n<blockquote class=\"wp-embedded-content\" data-secret=\"XUrxmwNLW1\"><p><a href=\"https:\/\/archivodelcortometraje.es\/cortometraje\/paraiso-en-llamas\/\">Para\u00edso en llamas<\/a><\/p><\/blockquote>\n<p><iframe class=\"wp-embedded-content\" sandbox=\"allow-scripts\" security=\"restricted\" style=\"position: absolute; clip: rect(1px, 1px, 1px, 1px);\" title=\"\u00abPara\u00edso en llamas\u00bb \u2014 Archivo del Cortometraje Espa\u00f1ol\" src=\"https:\/\/archivodelcortometraje.es\/cortometraje\/paraiso-en-llamas\/embed\/#?secret=ZXAFzgBbBy#?secret=XUrxmwNLW1\" data-secret=\"XUrxmwNLW1\" width=\"580\" height=\"327\" frameborder=\"0\" marginwidth=\"0\" marginheight=\"0\" scrolling=\"no\"><\/iframe><\/p>\n<p>Gerda Grepp recuerda su experiencia como fotoreportera en M\u00e1laga antes de ser conquistada por el ej\u00e9rcito franquista.<\/p>\n<p><strong>VOCES DE MUJERES PERIODISTAS ESPA\u00d1OLAS DEL SIGLO XX.&nbsp;<\/strong><\/p>\n<p>Su \u00faltimo libro recopila los perfiles y biograf\u00edas de m\u00e1s de 200 f\u00e9minas que ejercieron su profesi\u00f3n rompiendo barreras y en tiempos convulsos<\/p>\n<p><a href=\"https:\/\/www.uma.es\/sala-de-prensa\/noticias\/el-catedratico-diaz-nosty-reivindica-las-mujeres-periodistas-nacidas-antes-de-la-guerra-civil\/\">https:\/\/www.uma.es\/sala-de-prensa\/noticias\/el-catedratico-diaz-nosty-reivindica-las-mujeres-periodistas-nacidas-antes-de-la-guerra-civil\/<\/a><\/p>\n<p><strong>UNA SOMBRA EN EL PARA\u00cdSO<\/strong><\/p>\n<p>Documental dirigido por Alberto Jim\u00e9nez que indaga sobre la Guerra Civil desde el punto de vista de unos j\u00f3venes estudiantes de secundaria que realizan un trabajo de investigaci\u00f3n sobre la influencia de los sucesos acaecidos en M\u00e1laga y su relaci\u00f3n con el c\u00e9lebre bombardeo de Guernica.&nbsp;<\/p>\n<div id=\"meta\" class=\"style-scope ytd-watch-flexy\">\n<div id=\"meta-contents\" class=\"style-scope ytd-watch-flexy\">\n<div id=\"container\" class=\"style-scope ytd-video-secondary-info-renderer\">\n<div id=\"always-shown\" class=\"style-scope ytd-metadata-row-container-renderer\">\n<div id=\"meta\" class=\"style-scope ytd-watch-flexy\">\n<div id=\"meta-contents\" class=\"style-scope ytd-watch-flexy\">\n<div id=\"container\" class=\"style-scope ytd-video-secondary-info-renderer\">\n<div id=\"collapsible\" class=\"style-scope ytd-metadata-row-container-renderer\">&nbsp;<\/div>\n<\/div>\n<\/div>\n<\/div>\n<\/div>\n<\/div>\n<\/div>\n<\/div>\n<p><iframe loading=\"lazy\" title=\"UNA SOMBRA EN EL PARAISO (2009) Documental Completo\" width=\"580\" height=\"326\" src=\"https:\/\/www.youtube.com\/embed\/LOYUqeS0Ge0?feature=oembed\" frameborder=\"0\" allow=\"accelerometer; autoplay; clipboard-write; encrypted-media; gyroscope; picture-in-picture; web-share\" allowfullscreen><\/iframe><\/p>\n<p><strong> ENTRE LOS HUNOS Y LOS HOTROS.&nbsp; <\/strong><\/p>\n<p>El Grupo Callej\u00f3n del Gato pone en escena un encuentro entre los esp\u00edritus de esas dos figuras de nuestra historia y nuestra literatura que son Miguel de Unamuno y Manuel Aza\u00f1a, terminadas ya la Guerra Civil y sus propias vidas, lo que les permite reexaminar sus conductas existenciales a la luz de los hechos posteriores. En agosto de 1936, Aza\u00f1a hab\u00eda firmado la segunda destituci\u00f3n de Unamuno como rector de la Universidad de Salamanca por su alineamiento con los sublevados. Frente a \u00e9l, el vasco arguye la revisi\u00f3n de su postura seg\u00fan los indicios de barbarie en retaguardia que le iban llegando. Una obra innovadora, de gran inter\u00e9s divulgativo en la que se nos exponen las razonadas motivaciones de ambos y c\u00f3mo aquel di\u00e1logo posible qued\u00f3 apagado por los gritos y descargas de \u201clos hunos y los hotros\u201d, como dej\u00f3 Unamuno escrito en su correspondencia. Ambos autores, pese a sus luces y sombras, dejan prueba de su talla excepcional en este documentado di\u00e1logo. En un marco sobrio, el Grupo Callej\u00f3n del Gato escenifica esta obra original, Entre los Hunos y los Hotros, donde se cede el turno a la palabra y a la confrontaci\u00f3n de argumentos provenientes de esas aut\u00e9nticas personalidades del siglo XX, interpretadas por Enrique Gir\u00f3n (autor de la obra) y Juan Garc\u00eda de la Coba.<\/p>\n<p><iframe loading=\"lazy\" title=\"&quot;Entre los hunos y los hotros&quot; || Teatro || Grupo Callej\u00f3n del Gato\" width=\"580\" height=\"326\" src=\"https:\/\/www.youtube.com\/embed\/_uPfK42PazM?feature=oembed\" frameborder=\"0\" allow=\"accelerometer; autoplay; clipboard-write; encrypted-media; gyroscope; picture-in-picture; web-share\" allowfullscreen><\/iframe><\/p>\n","protected":false},"excerpt":{"rendered":"<p>Iremos viendo en este apartado diferentes trabajos que se realizan en M\u00e1laga sobre la guerra civil espa\u00f1ola.&nbsp; LA DESBAND\u00c1. Podcast realizado por Onda Color sobre la Desband\u00e1.&nbsp; La desband\u00e1 CALETA PALACE El estallido de la Guerra Civil en M\u00e1laga es narrado en clave de falso documental, a trav\u00e9s de la voz de algunos de los [&hellip;]<\/p>\n","protected":false},"author":1,"featured_media":0,"parent":0,"menu_order":0,"comment_status":"closed","ping_status":"closed","template":"","meta":{"ngg_post_thumbnail":0},"_links":{"self":[{"href":"https:\/\/guerracivilmalaga.com\/index.php\/wp-json\/wp\/v2\/pages\/1033"}],"collection":[{"href":"https:\/\/guerracivilmalaga.com\/index.php\/wp-json\/wp\/v2\/pages"}],"about":[{"href":"https:\/\/guerracivilmalaga.com\/index.php\/wp-json\/wp\/v2\/types\/page"}],"author":[{"embeddable":true,"href":"https:\/\/guerracivilmalaga.com\/index.php\/wp-json\/wp\/v2\/users\/1"}],"replies":[{"embeddable":true,"href":"https:\/\/guerracivilmalaga.com\/index.php\/wp-json\/wp\/v2\/comments?post=1033"}],"version-history":[{"count":8,"href":"https:\/\/guerracivilmalaga.com\/index.php\/wp-json\/wp\/v2\/pages\/1033\/revisions"}],"predecessor-version":[{"id":1054,"href":"https:\/\/guerracivilmalaga.com\/index.php\/wp-json\/wp\/v2\/pages\/1033\/revisions\/1054"}],"wp:attachment":[{"href":"https:\/\/guerracivilmalaga.com\/index.php\/wp-json\/wp\/v2\/media?parent=1033"}],"curies":[{"name":"wp","href":"https:\/\/api.w.org\/{rel}","templated":true}]}}

<p>Iremos viendo en este apartado diferentes trabajos que se realizan en Málaga sobre la guerra civil española.&nbsp;</p>
<p><strong>LA DESBANDÁ.</strong></p>
<p>Podcast realizado por Onda Color sobre la Desbandá.&nbsp;</p>
<blockquote class="wp-embedded-content" data-secret="SGxJ162dxX"><p><a href="https://ondacolor.org/ladesbanda/">La desbandá</a></p></blockquote>
<p><iframe class="wp-embedded-content" sandbox="allow-scripts" security="restricted" style="position: absolute; clip: rect(1px, 1px, 1px, 1px);" title="&#8220;La desbandá&#8221; &#8212; OndaColor" src="https://ondacolor.org/ladesbanda/embed/#?secret=SGxJ162dxX" data-secret="SGxJ162dxX" width="580" height="327" frameborder="0" marginwidth="0" marginheight="0" scrolling="no"></iframe></p>
<p><strong>CALETA PALACE</strong></p>
<p>El estallido de la Guerra Civil en Málaga es narrado en clave de falso documental, a través de la voz de algunos de los personajes que coincidieron en la zona</p>
<p><iframe loading="lazy" title="Caleta Palace. Revolución y tragedia en la Ciudad del Paraíso (trailer 1)" width="580" height="326" src="https://www.youtube.com/embed/QXQa7p0xNVk?feature=oembed" frameborder="0" allow="accelerometer; autoplay; clipboard-write; encrypted-media; gyroscope; picture-in-picture; web-share" allowfullscreen></iframe></p>
<p>&nbsp;</p>
<p><strong>ESCAPE ROOM SOBRE LA DESBANDÁ</strong></p>
<p>El juego de rol «La Desbandá 1937» se puede descargar gratis en&nbsp;https://yopablo.itch.io/la-desbanda</p>
<p><iframe loading="lazy" title="Pablo López (Almería is different) (08/02/22)" width="580" height="326" src="https://www.youtube.com/embed/kdZILGUvCP8?feature=oembed" frameborder="0" allow="accelerometer; autoplay; clipboard-write; encrypted-media; gyroscope; picture-in-picture; web-share" allowfullscreen></iframe></p>
<p><strong>PARAÍSO EN LLAMAS. JOSÉ ANTONIO HERGUETA</strong></p>
<blockquote class="wp-embedded-content" data-secret="XUrxmwNLW1"><p><a href="https://archivodelcortometraje.es/cortometraje/paraiso-en-llamas/">Paraíso en llamas</a></p></blockquote>
<p><iframe class="wp-embedded-content" sandbox="allow-scripts" security="restricted" style="position: absolute; clip: rect(1px, 1px, 1px, 1px);" title="«Paraíso en llamas» — Archivo del Cortometraje Español" src="https://archivodelcortometraje.es/cortometraje/paraiso-en-llamas/embed/#?secret=ZXAFzgBbBy#?secret=XUrxmwNLW1" data-secret="XUrxmwNLW1" width="580" height="327" frameborder="0" marginwidth="0" marginheight="0" scrolling="no"></iframe></p>
<p>Gerda Grepp recuerda su experiencia como fotoreportera en Málaga antes de ser conquistada por el ejército franquista.</p>
<p><strong>VOCES DE MUJERES PERIODISTAS ESPAÑOLAS DEL SIGLO XX.&nbsp;</strong></p>
<p>Su último libro recopila los perfiles y biografías de más de 200 féminas que ejercieron su profesión rompiendo barreras y en tiempos convulsos</p>
<p><a href="https://www.uma.es/sala-de-prensa/noticias/el-catedratico-diaz-nosty-reivindica-las-mujeres-periodistas-nacidas-antes-de-la-guerra-civil/">https://www.uma.es/sala-de-prensa/noticias/el-catedratico-diaz-nosty-reivindica-las-mujeres-periodistas-nacidas-antes-de-la-guerra-civil/</a></p>
<p><strong>UNA SOMBRA EN EL PARAÍSO</strong></p>
<p>Documental dirigido por Alberto Jiménez que indaga sobre la Guerra Civil desde el punto de vista de unos jóvenes estudiantes de secundaria que realizan un trabajo de investigación sobre la influencia de los sucesos acaecidos en Málaga y su relación con el célebre bombardeo de Guernica.&nbsp;</p>
<div id="meta" class="style-scope ytd-watch-flexy">
<div id="meta-contents" class="style-scope ytd-watch-flexy">
<div id="container" class="style-scope ytd-video-secondary-info-renderer">
<div id="always-shown" class="style-scope ytd-metadata-row-container-renderer">
<div id="meta" class="style-scope ytd-watch-flexy">
<div id="meta-contents" class="style-scope ytd-watch-flexy">
<div id="container" class="style-scope ytd-video-secondary-info-renderer">
<div id="collapsible" class="style-scope ytd-metadata-row-container-renderer">&nbsp;</div>
</div>
</div>
</div>
</div>
</div>
</div>
</div>
<p><iframe loading="lazy" title="UNA SOMBRA EN EL PARAISO (2009) Documental Completo" width="580" height="326" src="https://www.youtube.com/embed/LOYUqeS0Ge0?feature=oembed" frameborder="0" allow="accelerometer; autoplay; clipboard-write; encrypted-media; gyroscope; picture-in-picture; web-share" allowfullscreen></iframe></p>
<p><strong> ENTRE LOS HUNOS Y LOS HOTROS.&nbsp; </strong></p>
<p>El Grupo Callejón del Gato pone en escena un encuentro entre los espíritus de esas dos figuras de nuestra historia y nuestra literatura que son Miguel de Unamuno y Manuel Azaña, terminadas ya la Guerra Civil y sus propias vidas, lo que les permite reexaminar sus conductas existenciales a la luz de los hechos posteriores. En agosto de 1936, Azaña había firmado la segunda destitución de Unamuno como rector de la Universidad de Salamanca por su alineamiento con los sublevados. Frente a él, el vasco arguye la revisión de su postura según los indicios de barbarie en retaguardia que le iban llegando. Una obra innovadora, de gran interés divulgativo en la que se nos exponen las razonadas motivaciones de ambos y cómo aquel diálogo posible quedó apagado por los gritos y descargas de “los hunos y los hotros”, como dejó Unamuno escrito en su correspondencia. Ambos autores, pese a sus luces y sombras, dejan prueba de su talla excepcional en este documentado diálogo. En un marco sobrio, el Grupo Callejón del Gato escenifica esta obra original, Entre los Hunos y los Hotros, donde se cede el turno a la palabra y a la confrontación de argumentos provenientes de esas auténticas personalidades del siglo XX, interpretadas por Enrique Girón (autor de la obra) y Juan García de la Coba.</p>
<p><iframe loading="lazy" title="&quot;Entre los hunos y los hotros&quot; || Teatro || Grupo Callejón del Gato" width="580" height="326" src="https://www.youtube.com/embed/_uPfK42PazM?feature=oembed" frameborder="0" allow="accelerometer; autoplay; clipboard-write; encrypted-media; gyroscope; picture-in-picture; web-share" allowfullscreen></iframe></p>

<p>Iremos viendo en este apartado diferentes trabajos que se realizan en Málaga sobre la guerra civil española.&nbsp; LA DESBANDÁ. Podcast realizado por Onda Color sobre la Desbandá.&nbsp; La desbandá CALETA PALACE El estallido de la Guerra Civil en Málaga es narrado en clave de falso documental, a través de la voz de algunos de los [&hellip;]</p>
